 = -o**2 - 8*o - 9. Let b be a(-6). Let f(k) = -8*k - 2 + b - 6 + 5*k**2. Let h(q) = 5*f(q) + 8*v(q). Determine h(1).
0
Let t(z) be the second derivative of 1/30*z**5 + 0*z**4 - z**2 + 0 + z - 1/3*z**3. Let n(u) be the first derivative of t(u). Give n(2).
6
Let h(r) = r**3 + 16*r**2 + 16*r + 11. Let y be h(-15). Let t(a) = -a - 3. Give t(y).
1
Let j(t) = 7 + 52*t - 27*t - 26*t. Determine j(5).
2
Let m(p) = -1. Let z(k) = 2*k**2 - 4. Let s(n) = 3*m(n) - z(n). Give s(-1).
-1
Let i = 9 + -5. Let j(y) = y**3 - 3*y**2 - 3*y. Determine j(i).
4
Suppose -3*c - 4*o = -2*o + 13, 2*o + 16 = -4*c. Let g be (-20)/6*c/2. Suppose -s + 2 = -g*f + 3, 4*f - s = 0. Let j(d) = 6*d**2 + d. What is j(f)?
7
Let j = 32 + -32. Let r(o) be the second derivative of o**2 + j - 1/3*o**3 - o. Calculate r(-2).
6
Suppose -2*z - 2*z = 4. Let j = z + -3. Let o(x) = x - 1. Let v(h) = 2*h - 1. Let b(c) = j*o(c) + 3*v(c). What is b(-2)?
-3
Let y(d) = -d + 1. Let v(t) = -t**3 + 4*t**2 + 3*t - 3. Let a be v(2). Suppose -5 - a = -4*p. Give y(p).
-3
Let s(i) = i**2 + 2*i - 2. Let d be 2/8*4 + 2. Suppose 0*k = d*k + 12. Calculate s(k).
6
Suppose -7*r = -9 - 19. Let z(k) = 4 + 3*k**2 - k**3 - 6*k - 3 + 2*k**2. Calculate z(r).
-7
Let p(n) = 5*n - 2*n**2 - 3 + 0 - 2*n + n**3. Let c be -5*1*(3 - 4). Suppose 3*l + 15 = -c*t - 2*l, t - 4*l - 22 = 0. Determine p(t).
3
Let l(i) = -5*i**3 - 10*i**2 - 12*i + 5. Let z(y) = -4*y**3 - 9*y**2 - 11*y + 5. Let m(s) = 5*l(s) - 6*z(s). Let w(b) = -b**3 - 3. Let n be w(-2). What is m(n)?
0
Let r be 28/(-6) + (-4)/(-6). Let w(f) = -f. Let l(d) = -7*d. Let q(k) = -l(k) + 6*w(k). Give q(r).
-4
Suppose -2*j + 34 - 2 = 0. Suppose j = 4*b - 2*m - 0, -m = -3*b + 11. Let a(u) = -b*u**2 + u**3 - 5 + 0*u**2 + 0*u**2 - u**2 - 4*u. Determine a(5).
0
Suppose 25 = 3*c + 2*c. Suppose -3*m = -4 + 1, c*m = 4*a - 3. Let j(f) = 0*f + 2 - a*f + f. Calculate j(5).
-3
Let k be (4/(-10))/((-2)/10). Let w(f) = -f**3 + 39 - 3*f - 20 + f**2 + 6*f - 20. Give w(k).
1
Let a be 10 + (0 - (-1 - -1)). Let x(z) = z**3 - 11*z**2 + 10*z + 2. Let t be x(a). Let l(s) = -1 + t*s - 3 - 2. Calculate l(4).
2
Let w(r) = r**2 - 8*r - 2. Let n(h) = 4*h + 40. Let o be n(-8). Give w(o).
-2
Let d(g) be the second derivative of g**5/20 - 5*g**4/12 + g**3/2 - g**2 + 44*g. Calculate d(4).
-6
Let j(b) be the first derivative of b**2/2 - 2*b + 13. Calculate j(6).
4
Let m(r) = -4*r**2 + 2. Let a(l) = l**2 - 1. Let q(u) = 6*a(u) + m(u). Let d(n) = -4*n**3 - 2*n**2 - n. Let x be d(-1). Calculate q(x).
14
Let d(y) be the first derivative of -y**2/2 - 6*y + 1. Let n = 25 - 22. Suppose -n*l = 12, 0*q = -q - 5*l - 15. What is d(q)?
-11
Let f(t) = t**2 - 10*t + 5. Let l(o) = -4*o**2 + 41*o - 21. Let m(d) = -9*f(d) - 2*l(d). Give m(5).
12
Let l(a) be the third derivative of -a**5/120 - a**4/8 - a**3 - a**2. Let v(n) be the first derivative of l(n). Calculate v(-8).
5
Suppose 27 = -5*w - 13. Let a be 3 + 3 + w + 1. Let k(y) = -y**2 + y + 1. Give k(a).
-1
Let k(r) be the first derivative of -3*r**4/4 + r**3/3 + r**2/2 + 2. Give k(-1).
3
Let y(b) = 4*b - 3. Let c(n) = 9*n - 7. Let l(i) = 3*c(i) - 7*y(i). Let s be 0/(-4 + -1 + 4). Determine l(s).
0
Suppose 0 = 4*o + 10 - 178. Let v be (-2)/3 + o/9. Suppose 4*w = 4*l + 16, -v*l + 5*w + 0 = 15. Let p(c) = -3*c - 7. Determine p(l).
8
Let s be 1 + -4 + 2 - -10. Let c = s - 13. Let v(l) = -l**3 - 3*l**2 + 3*l. Calculate v(c).
4
Let t(s) = s**3 - 2*s**2 - 4*s. Suppose j + 28 = 5*j. Let i = 13 - j. Let d be 9*(1 + 1)/i. Give t(d).
-3
Let f(h) = 10*h**2 - 7. Let r(i) = 10*i**2 - 6. Let v(u) = 5*f(u) - 6*r(u). Let o = 8 + -9. What is v(o)?
-9
Let b(x) be the third derivative of -x**6/60 + x**5/12 - x**4/8 + 2*x**3/3 - 12*x**2. What is b(3)?
-14
Suppose 5*b - 13 = 2*z, 13 = -3*z + 5*b - 4*b. Let r(p) = 6*p - 4 - 2*p - 5*p - 3. What is r(z)?
-3
Let q = 15 - 19. Let f(z) = -z**3 - 4*z**2 - z - 3. Give f(q).
1
Let v be 3 + (-3)/((-6)/(-2)). Suppose 0 = 2*j - p + 27 - 3, v*j + p = -16. Let o = 5 + j. Let q(w) = -w**2 - 5*w - 7. Calculate q(o).
-7
Let g = -3 - -6. Let m(h) = -h - 3 - g*h**2 + 6 - 3. Give m(-1).
-2
Let a(q) = q**2 + 0*q**2 + 2*q - 10 - 14*q**3 + 11. What is a(-1)?
14
Let b(o) be the first derivative of -o**2/2 + o + 1. Let p = 0 + 0. Let t be p*((-6)/4)/(-3). What is b(t)?
1
Let a(r) = 11*r**3 + r**2 + 2*r + 1. Let n be 2*(-1)/(-2) - -1. Let g be (10/(-15))/(n/(-6)). Suppose -4*m = -6*m - g. Give a(m).
-11
Let u(l) = l**2 - 4*l + 10. Let z(p) = -p. Let h(r) = -6*r**2 + 16*r - 51. Let b(d) = h(d) - 5*z(d). Let w(y) = 2*b(y) + 11*u(y). Determine w(-6).
-16
Let x(c) = -3*c + 3. Let v be 5 - (-1)/(1/(-3)). Determine x(v).
-3
Let q(p) = p + 9. Let f(x) = -2*x - 17. Let g(z) = 4*f(z) + 7*q(z). Let y be (-8)/(-14)*(2 - -5). Let t = 0 - y. Determine g(t).
-1
Let z(m) = -m**2 + 4. Let f = 39 + -42. Give z(f).
-5
Let i(v) = -v - 21. Suppose 10*s - 9*s = 0. What is i(s)?
-21
Let m(q) be the second derivative of -q**3/6 + 3*q**2/2 + 9*q. Suppose -2*u + u = -3. What is m(u)?
0
Let p(l) = -l**2 + 4*l - 1. Let o(c) = 5*c**2 - 17*c + 3. Let m(t) = -2*o(t) - 9*p(t). Suppose 0 = b + 4*b - 10. Suppose -v + b = -0*v. Determine m(v).
-5
Let f(m) = m**2 - 4*m - 4. Suppose -a = -0*r - 5*r + 26, r - 2 = -3*a. Suppose 0 = -0*j + r*j - 20. Give f(j).
-4
Let j(p) = -p**2 - 8*p - 7. Suppose 3*k + 6 = -4*g, 0*g = -4*g + 12. What is j(k)?
5
Let d(w) = -w + 1. Let b(z) = -3*z + 1. Let s(n) = 4*b(n) - 9*d(n). What is s(-6)?
13
Let t = 1 - 1. Let z(w) = -w**3 + w + 1. Let r(b) = -6*b**3 - b**2 + 4*b + 4. Let m(f) = r(f) - 5*z(f). Calculate m(t).
-1
Let f(w) = -14*w**2 + 7*w - 1. Let b(o) = o**2 - o. Let c(k) = -6*b(k) - f(k). Let u be ((-5)/(-10))/((-1)/(-2)). Give c(u).
8
Let a(m) be the first derivative of -m**4/4 + 7*m**3/3 + 7*m**2/2 + 7*m + 4. What is a(8)?
-1
Let l = 17 - 12. Let p(t) = -t**2 + t - 1. Let m(v) = -v**3 - 2*v**2 + 5*v - 6. Let b(o) = l*p(o) - m(o). Suppose 4*f = 7 + 1. Give b(f).
-3
Let d(a) be the first derivative of 1/120*a**5 - 1/3*a**3 + 0*a**2 - 5/12*a**4 - 2 + 0*a. Let t(z) be the third derivative of d(z). Give t(5).
-5
Let p(i) = -7*i**3 - 7*i**2 - 2*i + 5. Let j(c) = 3*c**3 + 3*c**2 + c - 2. Let q(x) = 5*j(x) + 2*p(x). Give q(0).
0
Let q(h) = -h**2 + 6*h - 7. Let v(k) = k**2 - 5*k + 5. Let w be v(5). Give q(w).
-2
Let q(r) = 62*r + r**2 - 26*r - 5 - 31*r. What is q(-5)?
-5
Suppose -2*a = -a - 3. Let x be ((-10)/a)/(2/(-3)). Suppose 2*g = -4*p - 19 - x, g = p + 3. Let w(t) = t**3 + 6*t**2 + 5*t + 2. Calculate w(p).
2
Let d(c) = -c**3 + c**2 + c + 2. Let y(w) = -w**2 - w. Let b be y(-1). What is d(b)?
2
Let y(m) = m - 1. Let j be y(-4). Let u(b) = 4*b**2 - 2 + b**2 - 2 - 2*b + b**3 + 0*b. Calculate u(j).
6
Let c(j) = j**2 + 6*j + 3. Suppose 2*i + 0*i - m = -13, 0 = 3*i + 3*m + 6. What is c(i)?
-2
Let f(i) be the first derivative of i**4/4 + 5*i**3/3 + 2*i**2 + 1. Let n = 3 - 7. Determine f(n).
0
Let s be 1/((1/3)/1). Let o(u) = u**3 - 2*u**2 - 4*u. Give o(s).
-3
Let x(c) = -c + 4. Let u(m) = m + 3. Let q be u(-8). Let d = -1 + q. Give x(d).
10
Let o(n) be the first derivative of -n**4/4 + 2*n**3 - 3*n**2 + 12. Let g(u) = u**2. Let d be g(-2). Determine o(d).
8
Suppose -4*t = -4*s - 6*t + 18, -4*s + 19 = t. Let o = s + 0. Let q(b) be the second derivative of -b**4/12 + 5*b**3/6 + 7*b**2/2 - b. What is q(o)?
7
Suppose 3*t - 2*t = 3. Suppose 3*j - 1 = -t*o + 5, -4*o - 4 = 0. Let k(q) = q**2 - 4*q + 3. Determine k(j).
0
Let g(n) = -n**2 + 7*n - 1. Let f(o) = 8*o - 51. Let v be f(7). What is g(v)?
9
Let u(l) be the first derivative of l**6/120 + l**5/15 - l**4/12 - l**3/3 - 9*l**2/2 + 7. Let w(r) be the second derivative of u(r). Calculate w(-4).
6
Let c(t) = t + 9. Suppose 5*l = -0*r - 4*r - 9, 0 = -4*l - 5*r - 9. Let b be (-9 - (l + 3)) + -1. Let j = b + 7. What is c(j)?
4
Let t(d) = -d + 4. Let n be t(-4). Let v(h) = -h**2 + 9*h - 7. What is v(n)?
1
Let n(d) be the third derivative of d**6/120 - d**5/12 + d**4/4 - 2*d**3/3 + 24*d**2. Calculate n(4).
4
Let g(m) be the third derivative of m**5/15 - m**4/12 + m**3/3 + 15*m**2. What is g(2)?
14
Suppose 6 = 3*m - 0. Let k(o) = 5*o + o - o**m - 2*o - 4 + 3*o. Determine k(5).
6
Let b(t) = -t - 3. Let x be (-35)/(-25)*(0 + -5). Calculate b(x).
4
Let l(k) = 2*k - 7. Let b(p) = -3 + 5 + 1 - p. Let r(d) = 9*b(d) + 4*l(d). What is